base 2
-1001
What is -313 (base 8) in base 7?
-410
What is d (base 15) in base 9?
14
10110 (base 2) to base 3
211
0 (base 9) to base 16
0
What is 6 (base 15) in base 3?
20
Convert 0 (base 16) to base 8.
0
Convert -21 (base 8) to base 12.
-15
22 (base 15) to base 3
1012
Convert -6 (base 9) to base 12.
-6
Convert -5 (base 11) to base 15.
-5
-2 (base 12) to base 6
-2
-94 (base 10) to base 13
-73
Convert -3 (base 10) to base 8.
-3
-6 (base 14) to base 6
-10
What is -202 (base 7) in base 4?
-1210
Convert -2220 (base 3) to base 7.
-141
Convert 5 (base 15) to base 3.
12
Convert 23 (base 15) to base 12.
29
102 (base 3) to base 4
23
Convert 5 (base 15) to base 16.
5
What is -7a (base 16) in base 2?
-1111010
10 (base 5) to base 3
12
4 (base 10) to base 8
4
What is -21 (base 15) in base 6?
-51
Convert -24 (base 6) to base 13.
-13
Convert 0 (base 4) to base 16.
0
2b (base 13) to base 2
100101
1 (base 9) to base 11
1
61 (base 7) to base 14
31
What is 1100011 (base 2) in base 4?
1203
-50 (base 14) to base 13
-55
2143 (base 5) to base 7
604
Convert 4 (base 12) to base 16.
4
-28 (base 9) to base 10
-26
What is 20 (base 8) in base 14?
12
Convert -3 (base 7) to base 13.
-3
-96 (base 10) to base 5
-341
What is -2 (base 14) in base 15?
-2
Convert -2 (base 11) to base 2.
-10
88 (base 9) to base 14
5a
Convert 6 (base 15) to base 9.
6
What is 17c (base 13) in base 4?
10100
What is 3 (base 16) in base 14?
3
-b (base 13) to base 7
-14
1 (base 16) to base 14
1
What is 12 (base 3) in base 15?
5
Convert -9 (base 15) to base 13.
-9
What is 63 (base 13) in base 9?
100
Convert -13 (base 9) to base 5.
-22
4 (base 15) to base 6
4
-100 (base 6) to base 4
-210
What is 0 (base 5) in base 7?
0
What is -1 (base 5) in base 14?
-1
What is -11 (base 4) in base 6?
-5
-2 (base 4) to base 6
-2
-9 (base 11) to base 12
-9
What is 100 (base 2) in base 3?
11
Convert -ce (base 15) to base 12.
-142
5 (base 12) to base 6
5
101 (base 2) to base 14
5
Convert 1000 (base 2) to base 9.
8
Convert 12 (base 13) to base 15.
10
Convert -2 (base 13) to base 2.
-10
Convert -c (base 15) to base 3.
-110
Convert 100011010 (base 2) to base 12.
1b6
Convert -69 (base 11) to base 2.
-1001011
Convert -1 (base 4) to base 10.
-1
-3 (base 13) to base 16
-3
What is -cb (base 15) in base 5?
-1231
Convert 0 (base 6) to base 13.
0
Convert -3 (base 10) to base 16.
-3
What is -12021 (base 3) in base 7?
-262
245 (base 6) to base 9
122
-3 (base 16) to base 10
-3
What is 2 (base 11) in base 4?
2
What is 6 (base 10) in base 15?
6
5 (base 13) to base 16
5
What is 13 (base 6) in base 8?
11
Convert -2d (base 16) to base 4.
-231
Convert -2 (base 6) to base 15.
-2
What is -1b (base 14) in base 11?
-23
What is -7 (base 9) in base 8?
-7
3 (base 11) to base 10
3
Convert 101 (base 6) to base 7.
52
Convert 0 (base 13) to base 6.
0
What is 1 (base 6) in base 8?
1
-3 (base 4) to base 9
-3
Convert -13 (base 10) to base 14.
-d
What is 1b (base 14) in base 9?
27
What is 0 (base 9) in base 4?
0
Convert -2012 (base 4) to base 10.
-134
Convert 5 (base 8) to base 10.
5
What is 2 (base 14) in base 9?
2
What is 2112 (base 3) in base 6?
152
102 (base 3) to base 9
12
Convert 9 (base 12) to base 6.
13
Convert -32 (base 5) to base 3.
-122
Convert -43 (base 6) to base 16.
-1b
Convert 16 (base 7) to base 11.
12
110 (base 4) to base 13
17
10 (base 3) to base 12
3
What is 6 (base 12) in base 6?
10
What is 33 (base 4) in base 7?
21
4 (base 6) to base 2
100
27 (base 8) to base 9
25
Convert -9 (base 14) to base 2.
-1001
What is -20 (base 9) in base 11?
-17
Convert -3 (base 9) to base 8.
-3
Convert 3 (base 9) to base 2.
11
Convert 1 (base 6) to base 7.
1
Convert -105 (base 6) to base 10.
-41
100 (base 3) to base 7
12
Convert -10 (base 5) to base 9.
-5
What is -11 (base 15) in base 14?
-12
What is 3 (base 11) in base 13?
3
Convert -1 (base 11) to base 4.
-1
-435 (base 6) to base 5
-1132
Convert -11 (base 10) to base 4.
-23
Convert 1 (base 6) to base 7.
1
Convert 17 (base 10) to base 2.
10001
What is -42 (base 16) in base 9?
-73
Convert 130 (base 14) to base 13.
154
Convert -1 (base 5) to base 6.
-1
What is -12 (base 4) in base 11?
-6
Convert 3 (base 6) to base 12.
3
Convert -153 (base 6) to base 4.
-1011
Convert 1 (base 11) to base 3.
1
What is -11 (base 3) in base 2?
-100
102 (base 7) to base 6
123
What is -1010001 (base 2) in base 10?
-81
What is -4 (base 13) in base 4?
-10
What is -6 (base 15) in base 4?
-12
3 (base 16) to base 14
3
What is 11 (base 4) in base 6?
5
Convert 16 (base 8) to base 11.
13
513 (base 7) to base 9
313
-101011 (base 2) to base 12
-37
Convert 1 (base 4) to base 12.
1
-43 (base 7) to base 13
-25
-137 (base 8) to base 14
-6b
-e (base 16) to base 14
-10
0 (base 10) to base 7
0
What is 0 (base 4) in base 10?
0
Convert -12021 (base 3) to base 6.
-354
Convert 2332 (base 4) to base 10.
190
Convert 2 (base 14) to base 5.
2
What is -26 (base 8) in base 7?
-31
20 (base 4) to base 11
8
-12 (base 16) to base 3
-200
What is 5 (base 8) in base 6?
5
What is 268 (base 9) in base 12?
168
Convert -99 (base 16) to base 12.
-109
Convert 17 (base 16) to base 2.
10111
Convert -2 (base 4) to base 3.
-2
Convert 12 (base 3) to base 2.
101
Convert -12 (base 14) to base 9.
-17
What is -2101 (base 3) in base 4?
-1000
-10 (base 7) to base 5
-12
4 (base 15) to base 12
4
What is 10101010 (base 2) in base 14?
c2
Convert 274 (base 9) to base 7.
445
Convert -14 (base 11) to base 6.
-23
Convert 330 (base 6) to base 5.
1001
What is 186 (base 12) in base 15?
116
-12 (base 10) to base 6
-20
Convert 133 (base 13) to base 6.
551
Convert -2 (base 7) to base 4.
-2
Convert -31 (base 5) to base 3.
-121
2 (base 12) to base 3
2
Convert -1003 (base 7) to base 6.
-1334
-34 (base 16) to base 10
-52
Convert 61 (base 7) to base 12.
37
Convert 122 (base 14) to base 15.
101
What is 0 (base 3) in base 7?
0
What is -5 (base 12) in base 8?
-5
-66 (base 11) to base 5
-242
4 (base 5) to base 16
4
-5 (base 9) to base 6
-5
What is bb (base 14) in base 12?
119
What is -113 (base 9) in base 11?
-85
What is 1 (base 11) in base 12?
1
Convert 3 (base 5) to base 11.
3
Convert -1412 (base 6) to base 11.
-305
What is b (base 15) in base 3?
102
Convert -1 (base 13) to base 2.
-1
What is -21 (base 16) in base 11?
-30
What is 12 (base 4) in base 3?
20
What is 5 (base 12) in base 10?
5
What is 111 (base 12) in base 2?
10011101
Convert 4 (base 11) to base 15.
4
Convert -1144 (base 5) to base 14.
-c6
Convert -101022 (base 3) to base 6.
-1142
5 (base 15) to base 11
5
Convert 6 (base 13) to base 12.
6
110 (base 3) to base 6
20
Convert -5 (base 9) to base 10.
-5
Convert 112001 (base 3) to base 7.
1051
What is 62 (base 10) in base 12?
52
Convert 4 (base 11) to base 16.
4
Convert 3 (base 4) to base 11.
3
10101 (base 2) to base 15
16
What is -1 (base 8) in base 15?
-1
Convert 96 (base 10) to base 15.
66
Convert 10 (base 2) to base 16.
2
0 (base 2) to base 4
0
What is -3 (base 5) in base 14?
-3
What is 11 (base 7) in base 5?
13
What is 3 (base 12) in base 7?
3
Convert -1 (base 16) to base 12.
-1
Convert 2 (base 8) to base 16.
2
What is -6 (base 7) in base 14?
-6
What is -e (base 16) in base 7?
-20
What is 140 (base 10) in base 15?
95
-1011111 (base 2) to base 15
-65
Convert -12 (base 5) to base 4.
-13
Convert -2 (base 8) to base 6.
-2
Convert 9 (base 13) to base 10.
9
What is 0 (base 7) in base 9?
0
What is 2 (base 6) in base 2?
10
Convert 14 (base 6) to base 11.
a
-24 (base 8) to base 9
-22
123 (base 6) to base 10
51
What is 4 (base 14) in base 2?
100
Convert 20 (base 11) to base 8.
26
Convert 7 (base 13) to base 7.
10
What is 3 (base 7) in base 9?
3
0 (base 3) to base 13
0
Convert 1 (base 4) to base 5.
1
-4 (base 14) to base 7
-4
Convert 5 (base 15) to base 6.
5
Convert -36 (base 13) to base 3.
-1200
What is -17 (base 13) in base 8?
-24
-11202 (base 3) to base 7
-242
What is -5 (base 6) in base 9?
-5
Convert a8 (base 12) to base 6.
332
What is -2 (base 6) in base 4?
-2
3 (base 15) to base 3
10
-35 (base 6) to base 15
-18
Convert -111 (base 2) to base 10.
-7
What is 1000 (base 2) in base 15?
8
What is -6 (base 7) in base 16?
-6
Convert 23a (base 13) to base 2.
110000011
What is -214 (base 5) in base 8?
-73
What is 11112 (base 4) in base 3?
110200
3 (base 16) to base 11
3
What is 2 (base 7) in base 6?
2
What